
50
What is (-2 - 27 - 15) + 9?
-35
What is the value of -91 + (30 - (109 + -84))?
-86
What is the value of -13 + 7 + 1 + 3 + 36 + 14?
48
-95 + (198 - (113 - 43))
33
What is the value of 13 + -30 + (0 - -1) + -93 + 105?
-4
What is the value of -2 - (1 - (3 + -3)) - (-51 + 8 + -24)?
64
What is -6 + 0 + 69 + 327 + -342?
48
Evaluate -838 + 814 - (-51 - -1).
26
-34 + 0 + (-131 - -143) + 15 + 2
-5
What is (549 - 557) + (-3 + 2 - -2 - (4 + 21))?
-32
What is the value of (0 - -47) + (-27 + 14 + 10 - -2)?
46
What is the value of 171 + -1 + -57 - 32?
81
Calculate -18 - (86 - (-25 + 142)).
13
What is the value of -4 - ((-8 - (-8 + (-2 - 4)) - 81) + -7)?
78
What is the value of 2 + -5 + 0 - (17 + -36 + 10)?
6
What is the value of -12 + -12 + -1 + 23 + (-1 - 91)?
-94
-147 + 2 - (2068 + -2186)
-27
Calculate 26 - (23 + -52) - (-3 - -1 - -16).
41
13 + -8 + 3 - (-41 + (-4 - -14) + -11)
50
What is the value of 22 + (13 - (17 - -10) - 0) + -29?
-21
What is 9 - (734 + -732 + 1 + 14)?
-8
Evaluate (1 - -59) + -43 + 2.
19
5 + -6 + (-2 - -4) - (14 + (23 - 9))
-27
-511 + 555 - ((-3 - -1) + -1)
47
Calculate (11 - 4) + 3 + 159 + -134.
35
Evaluate (-13 + (-13 - -16) - (2 + -3)) + -3 + -44.
-56
Evaluate 138 + -105 - (0 - -29).
4
-10 + (-4 + -1 - (-26 - -1))
10
What is -7 + (15 - 6 - (-7 + (-9 - -2) + 34))?
-18
26 + -16 + 16 + 50 + -25
51
-21 - -126 - (43 - (12 - -14))
88
What is the value of 1 - (-6 + -4) - (-2 + 13 + 7 + -17)?
10
What is the value of -24 + 1 + (-1538 - -1490)?
-71
What is the value of (149 - -1) + (-15 - (44 - 26 - 33))?
150
(-57 - -59) + (-2 + -2 - -5)
3
Calculate 92 + -84 - (2 + 100 + -2).
-92
Calculate -23 + 105 + (-5 + -3 - 6).
68
What is -871 - -949 - (2 + 0 + -26 + 8)?
94
Evaluate (12 + (0 - 8 - (1 + 7)) - -13) + -54.
-45
Evaluate -28 + 18 - -22 - (-2 + 33).
-19
What is the value of -16 - (57 - 37 - 20)?
-16
What is -24 - (1 - -3 - (43 - (50 + -4)))?
-31
What is the value of (27 - 42) + -22 + 47?
10
What is the value of 27 + (-38 - (-79 + 29)) - -66?
105
What is 13 - 1 - (5 - (8 + -4)) - (-120 - -177)?
-46
Evaluate 0 - (-12 + 2) - (55 + -46 + 22 + -143).
122
40 + -35 + 59 + 13
77
Calculate -67 - (46 - 34) - (9 + -11).
-77
What is (3 - (-85 + 94)) + 1 + -2 + 31?
24
-2 - (90 - 0 - (0 - 2)) - (153 - 166)
-81
Evaluate (-78 - (-79 - 37)) + 52.
90
What is the value of 6 + -3 + -9 + (-25 - (-37 + -5))?
11
Calculate (-12 - ((-57 - -15) + -3)) + 3 + 1.
37
Calculate -10 + 5 - (1 + 2 + (4 - 112) + 9).
91
85 + -38 + -82 - -43
8
What is the value of -16 + 10 - 27 - (5 + -5 - -3)?
-36
Calculate 1108 - 1138 - (-1 - (11 + 6)).
-12
Evaluate -49 + 7 + (-719 - -809).
48
What is 5 - ((3 - -1 - (-4 - -5)) + (-21 - 34))?
57
Evaluate -1 + 29 + -14 + 7 + -14.
7
What is -2 - ((190 - 143) + -34 + (-1 + 1 - -2))?
-17
What is the value of (-28 - -95) + -33 - 45?
-11
What is 5 - 23 - (11 + (-11 - (10 - -1)))?
-7
Calculate (-3 - 20) + (77 - 4) - 7.
43
Evaluate -60 + -253 + 157 + 89.
-67
(-12 - 15) + -4 + 24 + -50 + 0 + 1
-56
Calculate 8 + -6 - -7 - (246 + -179).
-58
Evaluate (107 - 20) + -167 + 128.
48
28 + (-5 - 21) + -11
-9
Evaluate -53 + (68 - 47) - -37.
5
-75 + 34 + 3 - 5
-43
(0 + 1 - -12 - (94 - 85)) + -21
-17
Calculate (2 - 1) + 7 - ((-33 + -27 - -25) + 70).
-27
What is the value of -7 + 54 + 32 + -38?
41
What is the value of 5 + 2 + 4 - (19 + 27)?
-35
0 + -109 + 45 + 43
-21
Calculate (99 - (-55 - -112)) + -78.
-36
Evaluate 1 - -2 - (-3 - (38 - (-12 + 25 - 26))).
57
Calculate 0 + 5 + 2 - (1279 - 1249).
-23
What is -30 - (-3 + 9 + (1 - (-20 - -22)))?
-35
What is -244 - ((-141 - 6) + 4)?
-101
Evaluate 11 - (-33 - (58 - 85)) - (-6 + 0).
23
Calculate (-2 - 10) + (77 - 36).
29
4 + 28 - (44 + -59 + (17 + -8 - 4))
42
What is the value of 5 + 1 - ((41 - -9) + 265 + -301)?
-8
(-28 - 5) + -926 + 893
-66
42 + 0 - (13240 + -13179)
-19
Calculate 49 + -45 + 8 + 4.
16
What is -53 + 67 + -13 + (-1 - 11) - (-65 - 1)?
55
What is (7 - (18 + -2) - (-3 - 0)) + (-1 - -6)?
-1
Evaluate -11 - ((16 - 90) + 31).
32
What is -43 + 1 + (-36 - (5 + -38))?
-45
Calculate -14 + 7 + 60 - (7 - 5 - (-5 + 15)).
61
Calculate (-14 - -80) + (-22 - -4) + -7.
41
Calculate (-43 - 27 - -6) + -27.
-91
What is the value of 84 + (-9 + (9 - 4) - -8 - 5)?
83
-29 + 20 + (78 - -19)
88
What is the value of -8 + -3 + 6 - (-101 + 186 + -4)?
-86
(-25 - -24) + -19 + 29
9
What is the value of -52 - 5 - -102 - (6 + 0 + -2)?
41
Evaluate 1 - (22 + -8) - 39 - -8.
-44
What is the value of 17 + (2 - -1) + -49 + (158 - 49)?
80
Evaluate 36 + -62 - ((1 - -26) + -28).
-25
What is the value of (-17 - (67 + -91)) + -3 + -29 + (0 - 0)?
-25
What is the value of 104 - 22 - 37 - (2 - 39)?
82
Calculate 15 - (0 - -4 - -1 - (534 - 537)).
7
Calculate -5 + -6 + 3 + 0 + 3 - (-48 + 30).
13
What is 1 - 11 - (-101 + 97 + -4 + -4 + 13)?
-11
What is -1 + 62 + 15 + -176?
-100
What is -4 + 4 + -6 + -4 - (63 + -5 + -26)?
-42
What is -6 - (-1 + (-23 - (-2 + -11)))?
5
Evaluate 2 + (-30 + 0 - (17 + 16 - 38)).
-23
Calculate (-22 - ((1 - 1 - 2) + 1)) + (-216353 - -216367).
-7
Calculate 20 - (26 - 21 - (-27 - -36)).
24
What is the value of 34 + -75 + 27 - (-7 + 5 + -52)?
40
What is (-316 - -342 - (3 + -1)) + -14 - (-34 + 1)?
43
Calculate -5 + -4 + 5 + -13 + 8 + 4.
-5
What is the value of -8 + (0 - 0) - (-197 - -200)?
-11
What is the value of (-34 - -4) + 6 + (2 - 4 - -10)?
-16
(6598 - 6530) + (17 - (0 - -2))
83
What is -58 + 321 + (82 - 209)?
136
What is the value of (-2 - 4) + -2 + -53 + 142 + -112?
-31
What is the value of -81 + (1 - -1) + -1 + (23002 - 23007) - -6?
-79
0 + -2 - ((221 - 92) + -117)
-14
What is the value of (14 + 55 - 1) + -9 + -3?
56
What is -50 + (10 - -60) + 0 + 15?
35
What is 3781 - 3784 - (0 - 21)?
18
(-397 - -386) + (114 - -5)
108
Evaluate (14 - -6) + -20 - (33 + 0).
-33
What is -71 - ((-85 - -56) + 15)?
-57
What is the value of 11 + -29 + 5 + 2 + (9 - -3) - 77?
-76
(-9 + -2 + 7 - (19 + -18)) + (130 - 27)
98
Evaluate -149 + 151 - (97 + -99 - (2 + -1 - -48)).
53
Evaluate (12 - -1 - (65 - 60)) + -11 - 26.
-29
Evaluate -2 + (13 - (2 + -4)) + (-165 - -131).
-21
Calculate (-4 + 21 - 14 - (-4 - -2)) + -87.
-82
Evaluate 616 + -595 + (3 + -4 - 3).
17
(-17 - -54) + 5 - 49
-7
What is the value of 115 + -47 + -64 - (-24 + 1 - 1)?
28
127 + -112 + -12 - 38
-35
Calculate (14 - (13 + -13 + 18)) + -5 + -27.
-36
Calculate -1 + -33 + 24 + 17 + -49.
-42
What is -36 - (-66 + -1 + 29) - (0 - 21)?
23
What is the value of 5 + (1 + -10 - (-2 - -7) - (1 + -3))?
-7
Calculate -3 + (16 - -6) + -71.
-52
What is the value of 223 - 370 - (-78 - 2)?
-67
Evaluate -19 + -29 - (-9 + 10 - (-5 - -4 - 3)).
-53
Evaluate (4 - (14 - -7) - -32) + -18.
-3
Evaluate 98 + -100 + ((-18 - 4) + -1 - (-1 - -3)).
-27
-11 - -9 - (3 + 0) - ((-2 - 11) + 12)
-4
What is the value of 113 + -191 + 47 + 52?
21
What is 6 + -3 + -13 + -6 + 23 - -35?
42
What is the value of -10277 + 10263 + (-8 - 4 - (2 - 1))?
-27
Calculate 3 - 16 - (0 + 49 - 137).
75
(-230 - -88 - -156) + (17 - -1)
32
Calculate 1 + -57 - (-7 + 4 + 19 + -30).
-42
Evaluate -1 + -13 + -2 + -7 + -23 + -4 + 20.
-30
What is the value of 63 + 5 - (27 - (10 - 0))?
51
What is -66 - (3 - 12 - (17 - 22) - (38 - 41))?
-65
What is the value of (-10 - -14) + (3 - -3) + -55?
-45
Evaluate 21 - -1 - (-58 + 30 + 10 - -63).
-23
Evaluate -93 - (-2477 + 2490 - (1 - (1 - 6))).
-100
Evaluate 9 - ((6 - -4) + -19 - -3).
15
Calculate -1 + 1 + 52 - (-185 + 183 + 19 + -5).
40
Calculate 1 + -2 + -5 + -3316 + 3350 - -11.
39
Calculate 4 + 0 - ((-10 - 6) + 0 + -70 + -1).
91
What is the value of 2 + 1 + 2 + 42 + (-55 + 31 - -19)?
42
(3 - 3) + -2 + 2 + 7 - (1135 + -1143)
15
Calculate -39 + (-57 - 39) + 47 - (0 + 2).
-90
What is 28 - (-302 + 306 - (0 + 4))?
28
What is the value of -119 + (44 - 170) + 139?
-106
(87 - 83) + -71 - 13
-80
Evaluate (-11 - (-17 + 12)) + 20 + -10.
4
-228 + 213 + (0 + 0 - (3 - -2))
-20
Evaluate -6 - (1 + (-1 - 7 - (55 + 4 + -20))).
40
What is (-7 + 4 - (-3 - (2 + -25))) + 212 + -217?
-28
2 - ((-1 - (1 + 37)) + (-354 - -353))
42
-32 - (-7 + 11 - (11 + -9))
-34
Calculate -67 + 20 - (19 + -53).
-13
(245 - 338) + -6 + 56
-43
What is the value of -10 + ((-10 - -2) + 8 - -1) + 40?
31
Evaluate (-62 - -63) + (2 - 6) + 7 - -23.
27
What is -4 - -9 - (-125 - -11) - (-10 + (4 - -18))?
107
Evaluate 297 + -261 - ((7 - 1) + -3).
33
Calculate (-1 - 21)